the prime factors of 23221.
11, 2111
List the prime factors of 188.
2, 47
List the prime factors of 9176.
2, 31, 37
What are the prime factors of 423?
3, 47
List the prime factors of 3413.
3413
List the prime factors of 14556.
2, 3, 1213
List the prime factors of 165871.
37, 4483
What are the prime factors of 6468?
2, 3, 7, 11
What are the prime factors of 12573?
3, 11, 127
What are the prime factors of 29740?
2, 5, 1487
What are the prime factors of 219?
3, 73
What are the prime factors of 35434?
2, 7, 2531
List the prime factors of 63639.
3, 2357
What are the prime factors of 2519?
11, 229
What are the prime factors of 603?
3, 67
What are the prime factors of 2132?
2, 13, 41
What are the prime factors of 84226?
2, 23, 1831
What are the prime factors of 113296?
2, 73, 97
What are the prime factors of 1694?
2, 7, 11
What are the prime factors of 3361?
3361
What are the prime factors of 2298?
2, 3, 383
What are the prime factors of 166?
2, 83
What are the prime factors of 2241?
3, 83
What are the prime factors of 5240?
2, 5, 131
List the prime factors of 5334.
2, 3, 7, 127
What are the prime factors of 4385?
5, 877
What are the prime factors of 22013?
22013
What are the prime factors of 67?
67
What are the prime factors of 71643?
3, 11, 13, 167
List the prime factors of 110.
2, 5, 11
What are the prime factors of 2710?
2, 5, 271
What are the prime factors of 1775?
5, 71
List the prime factors of 16838.
2, 8419
What are the prime factors of 6219?
3, 691
What are the prime factors of 2621?
2621
List the prime factors of 117.
3, 13
List the prime factors of 16703.
16703
List the prime factors of 86788.
2, 13, 1669
What are the prime factors of 3182?
2, 37, 43
What are the prime factors of 121352?
2, 7, 11, 197
List the prime factors of 3875.
5, 31
What are the prime factors of 1792?
2, 7
List the prime factors of 1240.
2, 5, 31
What are the prime factors of 10025?
5, 401
What are the prime factors of 102669?
3, 7, 4889
List the prime factors of 1253.
7, 179
What are the prime factors of 37627?
191, 197
What are the prime factors of 6464?
2, 101
List the prime factors of 61998.
2, 3, 10333
List the prime factors of 37375.
5, 13, 23
List the prime factors of 825.
3, 5, 11
List the prime factors of 17448.
2, 3, 727
List the prime factors of 7371.
3, 7, 13
What are the prime factors of 10126?
2, 61, 83
List the prime factors of 17841.
3, 19, 313
List the prime factors of 1043.
7, 149
List the prime factors of 49829.
13, 3833
What are the prime factors of 270?
2, 3, 5
List the prime factors of 6502.
2, 3251
What are the prime factors of 103828?
2, 101, 257
List the prime factors of 42562.
2, 13, 1637
What are the prime factors of 6822?
2, 3, 379
List the prime factors of 2413.
19, 127
List the prime factors of 435.
3, 5, 29
List the prime factors of 914.
2, 457
List the prime factors of 431.
431
What are the prime factors of 737?
11, 67
List the prime factors of 85016.
2, 10627
What are the prime factors of 13650?
2, 3, 5, 7, 13
List the prime factors of 8808.
2, 3, 367
List the prime factors of 5912.
2, 739
List the prime factors of 15062.
2, 17, 443
What are the prime factors of 314?
2, 157
List the prime factors of 1130.
2, 5, 113
What are the prime factors of 1331?
11
List the prime factors of 39063.
3, 29, 449
What are the prime factors of 1895?
5, 379
List the prime factors of 3203.
3203
What are the prime factors of 44164?
2, 61, 181
List the prime factors of 10206.
2, 3, 7
What are the prime factors of 2429?
7, 347
What are the prime factors of 8758?
2, 29, 151
What are the prime factors of 3978?
2, 3, 13, 17
What are the prime factors of 84371?
7, 17, 709
List the prime factors of 9576.
2, 3, 7, 19
What are the prime factors of 572?
2, 11, 13
List the prime factors of 7299.
3, 811
What are the prime factors of 367?
367
List the prime factors of 89113.
89113
What are the prime factors of 4321?
29, 149
List the prime factors of 1019.
1019
What are the prime factors of 400?
2, 5
What are the prime factors of 4473?
3, 7, 71
What are the prime factors of 788?
2, 197
What are the prime factors of 18186?
2, 3, 7, 433
What are the prime factors of 3575?
5, 11, 13
List the prime factors of 4943.
4943
What are the prime factors of 1482?
2, 3, 13, 19
What are the prime factors of 16434?
2, 3, 11, 83
What are the prime factors of 1246?
2, 7, 89
List the prime factors of 1099.
7, 157
List the prime factors of 4884.
2, 3, 11, 37
List the prime factors of 528.
2, 3, 11
List the prime factors of 33004.
2, 37, 223
List the prime factors of 149489.
149489
What are the prime factors of 26400?
2, 3, 5, 11
What are the prime factors of 1409?
1409
What are the prime factors of 2080?
2, 5, 13
List the prime factors of 42040.
2, 5, 1051
List the prime factors of 2609.
2609
What are the prime factors of 7239?
3, 19, 127
List the prime factors of 1524.
2, 3, 127
List the prime factors of 918.
2, 3, 17
What are the prime factors of 31724?
2, 7, 11, 103
List the prime factors of 1220.
2, 5, 61
What are the prime factors of 19490?
2, 5, 1949
What are the prime factors of 2203?
2203
List the prime factors of 25145.
5, 47, 107
What are the prime factors of 8429?
8429
List the prime factors of 29803.
29803
What are the prime factors of 515?
5, 103
List the prime factors of 12907.
12907
What are the prime factors of 1222?
2, 13, 47
List the prime factors of 160855.
5, 53, 607
What are the prime factors of 18262?
2, 23, 397
List the prime factors of 5377.
19, 283
List the prime factors of 47399.
11, 31, 139
List the prime factors of 14945.
5, 7, 61
List the prime factors of 73715.
5, 23, 641
What are the prime factors of 21277?
21277
What are the prime factors of 10811?
19, 569
List the prime factors of 107657.
11, 9787
What are the prime factors of 28969?
59, 491
What are the prime factors of 5630?
2, 5, 563
List the prime factors of 3353.
7, 479
What are the prime factors of 6438?
2, 3, 29, 37
List the prime factors of 1556.
2, 389
What are the prime factors of 11630?
2, 5, 1163
What are the prime factors of 188499?
3, 19, 3307
List the prime factors of 86380.
2, 5, 7, 617
List the prime factors of 1833.
3, 13, 47
List the prime factors of 27708.
2, 3, 2309
What are the prime factors of 980?
2, 5, 7
List the prime factors of 32558.
2, 73, 223
List the prime factors of 4167.
3, 463
List the prime factors of 43561.
7, 127
What are the prime factors of 28248?
2, 3, 11, 107
What are the prime factors of 54635?
5, 7, 223
What are the prime factors of 2880?
2, 3, 5
What are the prime factors of 4531?
23, 197
List the prime factors of 1116.
2, 3, 31
What are the prime factors of 1633?
23, 71
What are the prime factors of 894?
2, 3, 149
What are the prime factors of 23817?
3, 17, 467
List the prime factors of 1891.
31, 61
List the prime factors of 6882.
2, 3, 31, 37
What are the prime factors of 2152?
2, 269
What are the prime factors of 22394?
2, 11197
List the prime factors of 62073.
3, 11, 19
What are the prime factors of 1539?
3, 19
List the prime factors of 12611.
12611
What are the prime factors of 133659?
3, 14851
List the prime factors of 7838.
2, 3919
List the prime factors of 873.
3, 97
What are the prime factors of 14441?
7, 2063
What are the prime factors of 7372?
2, 19, 97
List the prime factors of 6036.
2, 3, 503
List the prime factors of 18406.
2, 9203
What are the prime factors of 1023?
3, 11, 31
What are the prime factors of 10263?
3, 11, 311
List the prime factors of 13825.
5, 7, 79
What are the prime factors of 458?
2, 229
List the prime factors of 2083.
2083
What are the prime factors of 9544?
2, 1193
List the prime factors of 1716.
2, 3, 11, 13
List the prime factors of 100728.
2, 3, 1399
List the prime factors of 112035.
3, 5, 7, 11, 97
List the prime factors of 31194.
2, 3, 1733
List the prime factors of 26863.
26863
What are the prime factors of 910?
2, 5, 7, 13
List the prime factors of 7488.
2, 3, 13
What are the prime factors of 4293?
3, 53
What are the prime factors of 11521?
41, 281
What are the prime factors of 2164?
2, 541
What are the prime factors of 11330?
2, 5, 11, 103
What are the prime factors of 27727?
7, 17, 233
List the prime factors of 1154.
2, 577
What are the prime factors of 21289?
61, 349
What are the prime factors of 990?
2, 3, 5, 1